rmine l(-39).
-5
Let x(j) be the first derivative of j**4/4 + 8*j**3/3 - 9*j**2/2 - j - 1. Let l(y) = -4*y**3 - 7*y**2 + 23*y - 21. Let d be l(1). Give x(d).
-1
Let d(x) be the first derivative of -6*x - 1/2*x**2 + 13 - x**3 + 1/12*x**4. Let g(h) be the first derivative of d(h). Calculate g(3).
-10
Let b(i) = i**2 - 11*i + 25. Let o be b(9). Let m(a) = a + 11 - 5 - 3 + o*a. What is m(-3)?
-21
Let x = -168 + 56. Let i = -108 - x. Let z(c) = -i*c**2 + 261 - 261. Give z(1).
-4
Let q(a) = -a**3 - 19*a**2 - 43*a + 81. Suppose 4*m + 14 = -5*k - 5, -25 = m - k. Give q(m).
1
Let k(w) = -w**3 - 5*w**2 + 5*w - 5. Suppose -232 + 960 = 2*p. Let u be (-4)/5 - (p/35)/2. Calculate k(u).
1
Let m = 41514 - 41514. Let b(a) be the second derivative of 42*a - 4*a**2 - 1/12*a**4 + m + 3/2*a**3. Give b(6).
10
Let c be -1*3*(-2)/2. Let i(x) be the third derivative of 0*x - 1/3*x**3 + 9 - 1/30*x**5 - 2*x**2 + 1/8*x**4. Calculate i(c).
-11
Let d(t) = t - 7. Suppose -f - 1 = 0, 9*r - f + 327 = 5*r. Let a = r + 97. Suppose 2*g + 7*n = 2*n + 15, -g + 2*n = a. Calculate d(g).
-12
Let a(x) = x**2 + 9*x - 1. Let p(n) = 24*n**2 + 145*n - 4. Let j(c) = 47*c**2 + 290*c - 10. Let i(f) = -3*j(f) + 5*p(f). Let y be i(-7). Calculate a(y).
-21
Let w(d) = 2*d**2 + 8*d - 8. Suppose 23*b - 20*b - 12 = 0. Suppose -5*q + 5*z - 6*z - 39 = 0, 5*q = -b*z - 51. Calculate w(q).
34
Let x(u) = -u**2 - u. Let b be x(-3). Let y(d) = -13*d**2 - d + 23. Let f = 72 + -83. Let l(q) = -7*q**2 + 12. Let z(j) = f*l(j) + 6*y(j). What is z(b)?
6
Let o(g) = -g - 19. Let i = 9609 + -9615. Give o(i).
-13
Suppose 46 = 16*d - 30*r + 32*r, -4*d + 29 = 3*r. Let q(n) = 1 + 0 - 5 - 6*n. Determine q(d).
-16
Let r(l) be the third derivative of 11*l**4/8 + 17*l**3 + 1937*l**2. Determine r(-3).
3
Let h(w) = w**3 + 16*w**2 + 12*w + 7. Let k(y) = 2*y**2 + 1. Let b(g) = h(g) - 2*k(g). Suppose -2*s + 22 = -4*s. What is b(s)?
-6
Let z = 0 + -1. Let j(n) = 808*n - 7*n**2 - 1588*n - 6*n**2 + 780*n. What is j(z)?
-13
Let o = 8 - 11. Let z be 2/(-3) - (-1)/o*-11. Let w(i) = -i**2 + 6*i - i + z + 0*i. Determine w(5).
3
Let u(y) be the third derivative of -y**7/840 - y**6/180 - 13*y**3 - 80*y**2. Let o(p) be the first derivative of u(p). Give o(-2).
0
Let h(t) = 21*t + 76. Let a(g) = -11*g**2 + 156*g - 173. Let w be a(13). Calculate h(w).
-8
Let q(k) = 2*k**2 - 16*k + 7*k - k**2 + 6*k - 5. Let j be q(4). Let p(t) = -t**3 + t. Give p(j).
0
Let b(v) be the third derivative of 52*v**2 + 0*v**3 + 0*v + 0 + 1/24*v**4 - 1/60*v**5. Give b(5).
-20
Let h = 477 + -453. Suppose -78 = h*k + 18. Let p(b) = b**3 + 3*b**2 + 5*b + 2. Calculate p(k).
-34
Let r(i) = -i**2 + 4*i - 7. Suppose -112 = -47*q + 19*q. Give r(q).
-7
Let w = 16014 - 15984. Let v(m) be the second derivative of 0*m**4 - 7/20*m**5 + 1/3*m**3 - w*m + 1/2*m**2 + 0. What is v(-1)?
6
Let l(b) = -b**3 - 11*b**2 + 23*b - 19. Let r be l(-13). Suppose -r*i + 22*i = -30. Let z = i - -21. Let c(w) = w**2 - 5*w + 5. Calculate c(z).
11
Let g be (13 + -7)/(24/(-32)). Let q(z) = -z**3 - 7*z**2 + 3*z + 4. Determine q(g).
44
Suppose -3*r + v = 66, -r + 9 = v + 23. Let y(t) = 5*t - 21. Calculate y(r).
-121
Suppose -278*d + 63 = -269*d. Let a(c) = c**2 - 7*c - 7. Determine a(d).
-7
Let t = 44 + -45. Let r(j) = j. Let x be r(6). Let k = t - x. Let y(p) = p**3 + 6*p**2 - 7*p - 2. What is y(k)?
-2
Let q be (392/(-42))/7*(-4)/(8/30). Let s(l) = -12*l + 229. Determine s(q).
-11
Let l(f) = -f**2 - 18*f + 13. Let h be l(-18). Let k(j) = 22*j - 14*j - h*j - 3*j. Let z = 762 - 761. What is k(z)?
-8
Suppose 0 = 36*n - 9 + 14 - 113. Let l(y) = 3*y**3 - 11*y**2 + 8*y - 4. What is l(n)?
2
Let h(k) = -58*k + 212. Let r be h(4). Let i(j) = 2*j**3 + 35*j**2 - 102*j - 47. What is i(r)?
-7
Let d(u) be the third derivative of -u**5/60 - u**4/12 + 13*u**3/6 - 547*u**2 - 2*u. Determine d(0).
13
Suppose 20*r - 228*r + 1585 = -2367. Let c(v) = -v + 49. Determine c(r).
30
Let s(z) = 2*z**2 + z - 4. Suppose 2 = -4*b - 6. Let d(c) = -c**2 + c - 2. Let t(q) = b*d(q) + s(q). Give t(2).
14
Let j(t) = 551*t + 582*t - 1137*t - 160. Determine j(-37).
-12
Let k(r) = -23*r**2 + 2*r. Let y be k(1). Let a be -2 + -2*y/(-14). Let v(w) = 2*w**2 + 10*w - 6. What is v(a)?
-6
Let y(j) = j**2 - 6*j - 12. Let l be 6*(-8)/(-7) - (-6)/42. Let u be y(l). Let n(o) = 4*o + 0 - 3*o**2 + 4 + 2*o**2 - 7*o. What is n(u)?
-6
Let y = 835 - 833. Let r(h) = 2*h + 1. Let i(b) = b + 4. Let j(m) = y*r(m) - 2*i(m). Determine j(1).
-4
Let o(t) = -116 - 1796*t - 583 + 185 + 948*t + 888*t. Determine o(13).
6
Let h = 27 + -20. Suppose -3*p - 73 + 559 = 0. Let c(s) = -163*s**3 - 8 - 2*s - 5*s + 8*s**2 + p*s**3. Calculate c(h).
-8
Let a = 17686 + -17683. Let q(j) = -8*j**2 - 6*j + 13. Give q(a).
-77
Let z(f) = f**3 + 6*f**2 - f + 4. Suppose 0*k + 9*k - 1926 = 0. Let l = -220 + k. Calculate z(l).
10
Suppose -4*v = -3*v - 3*n + 12, -3*v + 2*n - 1 = 0. Suppose 0*g - 5*f = v*g + 6, 0 = g + f. Let u(w) = 6*w + 4. Give u(g).
22
Let g(z) = 3*z**2 - 10*z - 18*z - 14*z**2 + 14*z**2 + 35. Let u be g(8). Let k(c) = c**2 + 2*c + 2*c + 1 + 2*c**3 - 3*c**3. What is k(u)?
-5
Let l(k) be the third derivative of -11*k**4/8 - 227*k**3/6 + 6*k**2 - 39*k. Determine l(-7).
4
Let a(z) = 330*z + 315*z + 322*z - 962*z. Determine a(-13).
-65
Let p(b) = -11 + b**3 - 3*b + 6*b**2 + 31 - 10. Suppose 180 = -4*m + 9*m. Let f = 29 - m. Give p(f).
-18
Let d(p) be the first derivative of p**2/2 + 9*p - 3. Let f(x) = 1. Let k(b) = -d(b) + 6*f(b). Let s(u) = u**2 - 8*u + 9. Let v be s(5). Calculate k(v).
3
Let o(b) = -18*b - 17. Let s = -2885 + 2879. Give o(s).
91
Let j = 10589 - 10597. Let c(a) = 2*a**3 - 12*a**2 - 11*a - 8. Let i(n) = 3*n**3 - 13*n**2 - 11*n - 8. Let b(p) = 4*c(p) - 3*i(p). Determine b(j).
16
Let z(m) be the second derivative of m**4/12 + m**3 - 3*m**2/2 + 277*m. Let u(w) = w**3 - 2*w**2 + 2*w - 8. Let x be u(0). Calculate z(x).
13
Let s(l) = -7*l**2 - 3 + 7*l**2 + 4 - l**3 - 4*l**2 + 0 + 21*l. Give s(-7).
1
Let x(s) = -s**2 + 3. Let l be x(-3). Let g be ((-14)/10 + 18/45)*-73. Let f(v) = -7 - g*v + 37*v + 38*v. What is f(l)?
-19
Let u be -4 - (8 + -2 + -4). Let m(o) be the second derivative of -2*o**3/3 + 3*o**2 - 3*o - 5. Determine m(u).
30
Let a(x) = -x**2 - 3*x + 9. Let q be 16/20 - (-741)/380*-4. Give a(q).
-19
Suppose 5*o = -0*r - 4*r - 9, -5*o = 5*r + 5. Let v(g) = -2*g - 2593. Let h(j) = 7*j + 7780. Let n(y) = h(y) + 3*v(y). Give n(o).
-4
Let d(c) = -5*c**2 - 3*c - 3. Let s = -2779 + 2776. Calculate d(s).
-39
Let c(a) = 104*a - 3 - 100*a - 3*a**2 + 5*a**2. Let v = -468 - -464. Give c(v).
13
Suppose 0 = 6*a - 4125 + 4179. Let p(x) = x**3 + 11*x**2 + 20*x + 14. What is p(a)?
-4
Let m(s) = -s**3 + 2*s**2 + 4*s - 2. Let l(y) be the second derivative of -y**3/6 + y**2 - 12*y. Let c be l(-7). Suppose 12 = -5*o + c*o. What is m(o)?
1
Let v(d) = 2*d**2 - d + 3. Let s(w) = 11*w**2 - 10*w + 15. Let n(y) = s(y) - 5*v(y). Give n(5).
0
Let d(l) = -l + 5. Let p be 3 + 2*(1 + 0). Suppose q = -p*g + 2, -4 = -2*q - 3*g + 2*g. Let h be (q/(-4))/(1/(-6)). Calculate d(h).
2
Suppose -2*a - 35 = 2*y + y, -5*a - 25 = -5*y. Let l(c) = 27*c + 14. Let r(x) = -148*x - 71. Let j(p) = 11*l(p) + 2*r(p). Give j(a).
2
Let w(o) = -2*o**2 - 11*o + 6. Let i(d) = 7*d**2 - 17 + 25*d + 7*d - 2*d**2. Let n(c) = 3*i(c) + 8*w(c). Let s be 3/((-18)/(-12)) - -6. Determine n(s).
-3
Let b(z) = -5111*z + 60 + 15 + 5101*z. Let i be b(7). Let x(h) = h**3 - 5*h**2 + 6. Determine x(i).
6
Suppose 0 = -2*n - 1 + 3. Let y(o) be the first derivative of 16/3*o**3 + 0*o**2 - 218 - o. What is y(n)?
15
Suppose 1 = 3*v + 16*b - 21*b, -1 = 2*v - 5*b. Let p(i) = -i**3 + 3*i**2 - 3*i + 5. Determine p(v).
3
Let x = 133 + -98. Suppose 5*y + 163 = -f, 0 = 3*y + f + 65 + 34. Let u = x + y. Let v(d) = -d**3 + 2*d**2 + 3*d + 3. What is v(u)?
3
Let z(x) = x**2 + 22*x - 86. Let h = -3251 + 3225. Calculate z(h).
18
Let l(u) = u**2 - 12*u + 22. Let r be l(10). Let q(n) = -12 + n + 0 - 7*n**r + 1 + n**3 + 1. Let z(c) = c**3 + c**2 - 2*c - 1. Let h be z(2). What is q(h)?
-3
Let g(k) = -k**3 - 12*k**2 + k + 21. Suppose 0 = -5*y + 20, -9*y = 5*s - 11*y + 68. Give g(s).
9
Let p(w) = -2*w + 10. Suppose 0 = -88*z + 145*z. Give p(z).
10
Let t(v) = -3*v - 14. Let r be t(-8). Suppose 0 = u + 15 - r. Let z(i) be the second derivative of -i*